= s*q(l) - 3*m(l). What is the units digit of n(-6)?
2
Let z = 272 - -52. What is the hundreds digit of z?
3
Let k(o) = 3*o**3 + o - 1. Let d be k(1). Suppose 0 = m - 4*s + 9, 7*s - d*s - 51 = -5*m. What is the units digit of m?
7
Let t = 6 + -4. Let r(k) = 2*k**2 - k - 1. Let p be r(t). Suppose -1 + p = h. What is the units digit of h?
4
Let u(y) be the third derivative of -y**5/60 - y**4/4 - 5*y**3/6 - 2*y**2. What is the units digit of u(-4)?
3
Suppose -4*z + 9 = -431. What is the tens digit of z?
1
Let n(o) = -2*o**2 - o - 7. Let g(p) = p**2 + 6. Let b(q) = 3*g(q) + 2*n(q). Let t be b(-6). What is the units digit of 2/(-8) + (-165)/t?
8
Suppose -48 = -i + 5*i. Let t = 32 + i. What is the tens digit of t?
2
Let j be (1 - 0/2) + 0. Let l(f) = 9*f**2 - f + 3. Let k(r) = -9*r**2 + r - 4. Let b(g) = 2*k(g) + 3*l(g). What is the units digit of b(j)?
9
Let g be 0 + (-1 - (-4 - -2)). Suppose 0 = -3*v - x + g, 0*v + 8 = 2*v - 3*x. Let k = 5 + v. What is the units digit of k?
6
Suppose 4*x = -3*q + 196, -4 = 4*x + 16. What is the units digit of q?
2
Suppose 2*m + 1 = 3*l - 19, m = 5*l - 24. What is the units digit of (l - -1)/(-6 - -7)?
5
Let n(h) = -h**3 - 5*h**2 - h - 7. Suppose -f = k + 3, 7 + 20 = -5*k - f. What is the units digit of n(k)?
5
What is the hundreds digit of 0 - (30/(-6) + -295)?
3
Let a(k) = k**3 - k**2 - 1. What is the tens digit of a(4)?
4
Let g = 3 + 4. Suppose 0*k + k = g. What is the units digit of k?
7
Suppose 92 = a - 2*j, -3*j - 129 = -2*a + 51. What is the units digit of a?
4
Let l = 57 + 18. What is the tens digit of l?
7
What is the tens digit of 57 + 0 - 2/(-2)?
5
Let l = -2 - -5. Let h(a) = 6*a + l - 5*a + 3. What is the tens digit of h(6)?
1
Suppose -4*t - q = 45, 2*q = 3*t + 10 + 10. What is the units digit of 81/15 + (-6)/t?
6
Suppose -6*c + 282 = 18. What is the tens digit of c?
4
Let n be (-2)/(-6) - (-276)/9. Suppose 4*o + 5*w = 59, n = 3*o + 5*w - 7. What is the units digit of o?
1
What is the hundreds digit of (-115)/(-10)*((-4)/1 + 24)?
2
Let o(a) = 2*a**2 + 7*a + 3. Let z = -16 + 11. What is the units digit of o(z)?
8
Let m be 0/((-3)/(1*-3)). Suppose 2*a + 9 = -u - 0*a, m = 5*a + 25. What is the units digit of u/((-2)/(-18)) - 1?
8
Let u = 14 - 8. Suppose -5*i + 83 = 4*d, u + 65 = 3*d - 5*i. Suppose -3*p + p = -d. What is the tens digit of p?
1
Let s(p) = -p. Suppose -a - 2*a - 15 = 0. What is the units digit of s(a)?
5
Let b(l) be the third derivative of 7*l**4/24 + 2*l**3 + 2*l**2. What is the tens digit of b(6)?
5
Let v(k) = -k**2 - 9*k - 11. What is the units digit of v(-7)?
3
Suppose -5*k = -p - 11 + 36, 3*p - 35 = 5*k. Suppose 0 = p*t - 160 + 20. What is the tens digit of t?
2
Let r be 2/(-4) + 9/2. Suppose -15 = -9*z + r*z. What is the units digit of 2 + z/(-6)*-2?
3
Let q(h) = 12*h**2 - h - 10. What is the tens digit of q(-4)?
8
Let u be (64/12)/((-2)/(-12)). Let l = 13 + u. What is the tens digit of l?
4
Let c = 24 - 12. What is the tens digit of c?
1
Suppose 0 = -3*u + 3, 3*u - 17 = -4*r - 78. What is the tens digit of (-5 - -8) + (0 - r)?
1
Suppose 0*v - 4*v = -40. What is the units digit of (25/(-2))/((-5)/v)?
5
Suppose 3*p = -4*c + 1, 3*c + 3 = -5*p - 10. What is the units digit of c?
4
Let g(o) = o + 10. Let u be g(-5). Suppose -k = 3*b - 35, u*k - 2*b = 2*k + 94. What is the units digit of k?
2
Let n(t) = 2*t**3 + 2*t**2 - 2*t + 1. Let z(l) = -l + 10. Let r be z(8). What is the tens digit of n(r)?
2
Let m(r) be the first derivative of -r**4/24 + 4*r**3/3 - r**2 + 2. Let t(k) be the second derivative of m(k). What is the units digit of t(4)?
4
Let b be 1 - (-3)/((-6)/(-280)). Let a = b - 99. What is the tens digit of a?
4
Let q(k) = -k**3 + 3*k**2 + 8*k - 7. Let n be q(5). Let z = -2 - n. What is the units digit of z?
5
Suppose 5*h - 140 = -0*h. Suppose -c + h = 11. Suppose -2*f + c + 5 = 0. What is the units digit of f?
1
What is the units digit of 3/((-75)/485)*-5?
7
Let v(q) = -q**2 - 7*q + 5. Let g be v(-6). Suppose 0 = -3*l - 2*r + 19, r - g = -3*l + 3. What is the units digit of l?
3
Suppose -4*z = -y - 5, 17 = 4*z + 5*y - 6. Let r be 4/((z - -2)/2). What is the units digit of 1/r*-2*-11?
1
Suppose 0*p + 2*p = 4. Let n(b) = p + 0*b - b + 3*b + b**2. What is the units digit of n(-2)?
2
Suppose -u = -4*u + 15. Let z = 21 + u. What is the tens digit of z?
2
Let m(k) = k + 12. Let j be m(-6). Let a = 5 - j. What is the units digit of a*(3*8)/(-3)?
8
Let g = 34 - 5. What is the units digit of g?
9
Let k be -5 + 2 + 0 + -2. Suppose h - 4*h - 30 = 0. Let y = k - h. What is the units digit of y?
5
Let r = -19 - -13. Let u be (9/r)/(3/(-8)). Suppose -p = u*p - 10. What is the units digit of p?
2
Suppose 0 = -5*r + 2*f + 42, 2*f = 8 - 0. Suppose -2*o + 3*k = -o - 5, 4*o - 2*k - r = 0. What is the units digit of o?
2
Let v(k) = -3*k - 6. What is the tens digit of v(-7)?
1
Suppose 6*p - p - 4903 = -4*x, -1234 = -x - 4*p. What is the tens digit of (x/39)/(2/3)?
4
Suppose 2*g + 3*v - 19 = 0, -11 = 3*g - g - 3*v. Suppose g*w - 24 = -2*w. What is the units digit of w?
6
Let h = 2 + 4. What is the units digit of (2 - 2 - 3) + h?
3
Let d(b) = 3*b**2 + 24 - 27 - 3*b - 2*b**2. Suppose 5*h = 15 + 10. What is the units digit of d(h)?
7
Let j = -51 + 141. What is the tens digit of j?
9
What is the tens digit of -4 - (-1 + -48 + -1)?
4
Let u(l) = -2*l**2 - 16*l + 6. Let w be u(-12). What is the units digit of 24/30*w/(-4)?
8
Suppose 4*o + 4 = 4*m, -3*m + 4*o = 2 - 6. Suppose -a - 1 + 4 = m. What is the units digit of a?
3
Suppose 0 = 4*u - u. Suppose -2*o + u*o = -2, -4*o - 161 = -5*x. What is the units digit of x?
3
Let m(b) = -b**2 + 2*b + 2. Let g be m(2). Let d(k) = 4*k**2 - 2 - k - k**3 - 7*k**2 - g*k**2. What is the units digit of d(-5)?
3
Let w = -53 + 102. What is the units digit of w?
9
Suppose -4*n - 3*o + 10 = 0, 3*o = 3*n - 14 - 4. Suppose -f + 2 - 16 = -q, n*q + 3*f = 91. What is the tens digit of q?
1
Let g(m) = -m**2 - 9*m - 11. Let r be g(-9). Let k = -6 - r. Let t = 8 - k. What is the units digit of t?
3
What is the tens digit of 6/5*245/14?
2
Let l(b) = b**2 - 6*b - 3. Let x be l(3). What is the units digit of (-52)/10*(7 + x)?
6
Let i(g) be the second derivative of 9*g**5/10 + g**4/12 - g**3/3 + g**2/2 - 3*g. What is the tens digit of i(1)?
1
Suppose -2*k - 3*k = -15. Suppose -153 = -6*f + k*f. What is the units digit of f?
1
Suppose -5*y + 1390 = 5*y. What is the units digit of y?
9
Suppose 2*y - 20 = -3*y. Let n(f) = -f**2 + 5*f + 2. Let k be n(5). Suppose -y - k = -2*w. What is the units digit of w?
3
Suppose 4*l - 5*a = 20, 4*l + 3*a - 16 = 4. Suppose l + 3 = 2*i. What is the units digit of (i/(-6))/((-2)/45)?
5
Suppose m = -4*r + 20, -5*r + m + 8 = -2*m. Suppose -r*v + 40 = -4*p, -2*v = 3*p - 2*p - 32. Let t = -3 + v. What is the units digit of t?
1
Let w(f) = 2*f**2 - 12*f + 4. What is the tens digit of w(10)?
8
Let c(i) = -2*i**2 - i + 2. Let l be c(2). Let h = l - -13. Suppose -17 = -2*a + h. What is the units digit of a?
1
Let t(l) = -3*l + 1. Let j be t(2). Let b = j + 15. What is the tens digit of b?
1
Let r be (0*(-2)/6)/1. Let h be 2/1*2 - r. Suppose 4*t - 12 = -4*p, 3*t + 2*p - 29 = h*p. What is the units digit of t?
7
Let b(s) be the first derivative of -1 - 5*s + 4*s**2 - 1/3*s**3. What is the tens digit of b(5)?
1
Suppose -5*q + 215 + 260 = 0. Let u = 135 - q. Suppose -u = -4*t + 4. What is the units digit of t?
1
Suppose -2*t - 1 = -t. What is the tens digit of (-10 + t - 2)*-1?
1
Let n = -53 - -196. What is the tens digit of n?
4
Suppose -h - 2 = -25. What is the tens digit of h?
2
Suppose 0 = 2*l + l - 141. What is the units digit of l?
7
Let z(w) = -w**2 - 10*w - 3. Let t be (-39)/9 + (-6)/9. What is the tens digit of z(t)?
2
Let h be 1/((-1)/(-2)) - -1. Suppose -6*x - 18 = -3*y - x, -h*x = 0. What is the units digit of y?
6
Let i be (-1)/2*(-60)/1. What is the units digit of 1/(-3 - (-93)/i)?
0
Let f = -80 + 45. What is the units digit of (2 + f)/(6/(-4))?
2
Let i = 18 + 33. Let h = i - 19. What is the units digit of h?
2
Let s = 100 - -7. What is the tens digit of s?
0
Let p(w) = -w**3 + 9*w**2 + 12*w - 11. Let s be 138/14 + (-1)/(-7). What is the units digit of p(s)?
9
Let s(k) = 5*k + 7. Let h be s(-5). Let p = h + 37. What is the tens digit of p?
1
Suppose 5 = p 